or of f and 20.
4
Let y(g) = -2*g + 24. Let c be y(12). Let d(w) = -18 + 0*w + c*w - 3*w + 4. Let f be d(-9). What is the greatest common factor of 13 and f?
13
Let p(d) = -2*d + 129. Suppose 81*z - 98*z + 136 = 0. Let w be p(z). Calculate the greatest common factor of w and 339.
113
Let n be -25*(32/10)/(-1). Suppose 586 = -2*a + 5*k + 636, 2*k - 172 = -4*a. What is the greatest common divisor of n and a?
40
Suppose 4034 - 4394 = -20*r. What is the greatest common divisor of r and 786?
6
Suppose -168*f = 83*f + 52*f - 38784. Let a be 50/6 - 3/9. Calculate the greatest common divisor of f and a.
8
Let d = -304 - -420. What is the highest common divisor of 14848 and d?
116
Let n = 1154 - 1151. What is the highest common divisor of 2904 and n?
3
Let x(j) = j**2 + 4*j + 2. Let o be -2 - 0 - (9 + -7). Let p be x(o). Let g be p/(-3) + 25/15. Calculate the greatest common factor of 6 and g.
1
Let x = 618 - -3804. Calculate the highest common divisor of 396 and x.
66
Let i be ((-2)/(5 - 3))/(-3*(-2)/(-90)). Calculate the greatest common divisor of 1245 and i.
15
Let h be (-43359)/(-27) - (-58)/522. What is the highest common divisor of 73 and h?
73
Suppose 0 = i + 4*i + 2*l - 151, 5*i = -5*l + 145. Let m = 52 - i. Let d = m + 6. Calculate the greatest common factor of 36 and d.
9
Let s(v) = 241*v - 248. Let q be s(2). What is the greatest common factor of q and 208?
26
Let v = 1823 + -1803. Calculate the greatest common divisor of v and 9260.
20
Let p be (2093/7)/((-5)/40*2*-4). What is the highest common divisor of 650 and p?
13
Let h = 74 + -22. Suppose 1928*z - 4198272 = -595*z. Calculate the greatest common divisor of z and h.
52
Let r = 2790 - 2786. Calculate the highest common divisor of 27 and r.
1
Let p(a) = 137*a + 54. Let k be p(-1). Let j = -30 - k. Calculate the greatest common divisor of 106 and j.
53
Suppose 9*x + 33 - 996 = 0. Suppose x = 2*y + 17. Let k be (-5)/(3/(-9)*1). What is the greatest common factor of y and k?
15
Let v be 276/34 - (-36)/(-306). Let p = v + 91. What is the greatest common divisor of p and 66?
33
Suppose -2*l + v = -454, -2*l - 3*v + 1146 = 3*l. Let c be (-2 + 3)/(4/l). Let y be ((-15)/(-10))/(6/152). What is the highest common divisor of y and c?
19
Let t = -129 - -133. Suppose 0*z + 3*k = -4*z + 127, 0 = 4*z + t*k - 132. What is the highest common divisor of z and 140?
28
Let p(f) = -134*f + 1526. Let i be p(11). Calculate the greatest common factor of i and 76.
4
Suppose 3*f - 6*f = -4*j - 75, -4*j = 4*f - 72. What is the highest common factor of 679 and f?
7
Let q = -186 - -741. Let w = -549 + q. Calculate the greatest common factor of w and 246.
6
Let o be (1/1)/((-4)/12). Let p be (o + (-795)/6)/((-1)/4). Let f be p/14 + ((-40)/35)/(-4). Calculate the highest common divisor of 13 and f.
13
Let n = 430 + -217. Let j = -208 + n. Suppose 3*d + 7*i - 2*i - 10 = 0, 24 = 4*d + 4*i. Calculate the greatest common factor of d and j.
5
Let l = 2233 - 1538. Calculate the highest common factor of 5 and l.
5
Suppose 4*b + 5*l = 6002, -52*l = -3*b - 53*l + 4496. Calculate the greatest common factor of 28 and b.
14
Let s = 14596 - 12798. What is the highest common divisor of 310 and s?
62
Suppose -68589 = -22*c + 46185. What is the greatest common factor of c and 564?
141
Let q(n) = n**3 - 19*n**2 + 21*n - 30. Let a be q(18). Suppose -28*s + 31*s - d - a = 0, 4*s - 3*d = 32. What is the greatest common factor of 64 and s?
8
Let s be 1 + 1 + 2*-1. Suppose 58 = 3*z + y, -y = -3*z - s*z + 56. Let q be (532/(-21))/((1258/255)/(-37)). Calculate the greatest common factor of z and q.
19
Let u be (-2)/(13/((-572)/(-168)) - 4). Suppose 0 = -6*r + u*r + 50. Let s be 12*(12/r)/(32/(-40)). What is the highest common divisor of s and 54?
18
Suppose 2*i + 3*i = 170. Let z = 737 + -735. Suppose 1122 = 9*k + z*k. What is the greatest common divisor of k and i?
34
Suppose -4*z = d - 4296, -5*d + 2*d - 4*z + 12928 = 0. Calculate the highest common divisor of 91 and d.
13
Let u = 3489 - 3425. What is the highest common divisor of 5312 and u?
64
Let d(r) = 35*r + 778. Let z be d(-22). Calculate the greatest common factor of z and 2008.
8
Suppose 66 = -5*h + 431. Let z = h + -41. What is the greatest common factor of z and 160?
32
Suppose -2*p - 550 = 136*k - 139*k, 3*k - p - 548 = 0. Calculate the highest common factor of k and 56.
14
Let c(t) = 17*t + 56. Let x be c(15). Let j = -283 + x. Calculate the highest common factor of 56 and j.
28
Let s(z) = z + 20. Let m be s(44). What is the highest common divisor of m and 976?
16
Suppose -161*i - 199*i = -1576080. What is the highest common factor of i and 110?
22
Let p(r) = -r**2 - 6*r - 17. Let o be p(-7). Let m be (4/o)/(6/(-1044)). Let i = -155 - -300. What is the highest common factor of i and m?
29
Let x(k) = 32*k**2 - 67*k + 573. Let y be x(7). What is the greatest common factor of 16 and y?
8
Let m = 297 + -294. Let t(c) = -c**3 - 22*c**2 - 2*c - 23. Let v be t(-22). What is the highest common factor of v and m?
3
Suppose 2*l - 52 = -44. Suppose 69*v = 68*v + l. Suppose 2*y + 204 = 2*d, -5*d - v*y + 457 = -26. Calculate the greatest common factor of 11 and d.
11
Let g(h) = -6 - h**2 + 85 - 10 - 3*h + 2*h**2 + 5*h**2. Let c be g(13). Calculate the greatest common factor of 6 and c.
6
Let m(f) be the first derivative of 31*f**3/3 + f**2/2 + f + 22. Let a be m(-1). Suppose -5*r + 598 = -177. Calculate the highest common factor of a and r.
31
Let m(z) = 2*z**3 + 27*z**2 - 11*z - 11. Let s be m(-15). Let a = 593 + s. What is the highest common divisor of 16 and a?
8
Let l be 7 - (-1 - (-2429 + 5)/(-6)). What is the greatest common divisor of 927 and l?
103
Let k(w) = 3*w**2 - 141*w - 124. Let h be k(48). What is the highest common factor of 10690 and h?
10
Let r(i) = -i + 6. Let u be r(5). Let h = -199978 + 199994. Calculate the highest common divisor of u and h.
1
Suppose -t - z - 67 = 0, 5*z + 7 = -8. Let n = -63 - t. Let o be 2 - (-2 - n - (-5 + 8)). Calculate the greatest common factor of o and 2.
2
Suppose -8*d - 5*l = -11*d + 580, -4*l = -3*d + 584. Suppose -a - 2*s = -3, -4*a - 5*s = -0*a. Let w = 55 + a. What is the greatest common factor of d and w?
50
Suppose -46*o = -39*o + 49. Let a be (-7)/(o/22) - 2. Calculate the highest common divisor of a and 20.
20
Suppose -2*s = 4 - 0, 5*i + s = 133. Let p(z) = -11*z - 1. Let a be p(1). Let w be 180/2*a/(-10). Calculate the highest common factor of i and w.
27
Let k be (8/5)/((-25)/(-3625)). Let s = k - 160. Calculate the greatest common divisor of s and 27.
9
Let m(u) = 2*u + 1. Let o(n) = -3*n**3 - 64*n**2 + 27*n - 8. Let j(d) = -3*m(d) + o(d). Let a be j(-22). Calculate the highest common factor of 18 and a.
9
Let b be (76/57)/(3/((-27)/(-4))). Suppose -b*g - 2*g = 5*i - 295, i = 5. What is the greatest common factor of g and 27?
27
Suppose 2*g - 3*q - 483 = 0, -3*g - q + 682 = 3*q. Suppose 92*j = 100*j - 72. Calculate the highest common divisor of j and g.
9
Suppose 2*c = 322 - 1422. Let t = 785 + c. Calculate the greatest common factor of t and 94.
47
Let z be 52/6*((-606175)/(-550) + 8/22). Calculate the greatest common divisor of 780 and z.
195
Suppose h - 216 = -h. Suppose -11*j - 253 = -0*j. Let o(z) = -5*z - 103. Let v be o(j). What is the highest common divisor of v and h?
12
Let h = 4376 - 4405. Let s be -1 + 0 - 0 - 56. Let n = h - s. Calculate the greatest common divisor of n and 7.
7
Let w(t) = -548*t**3 - 3*t**2 + t. Let c be w(-1). What is the greatest common factor of c and 85?
17
Let i = 4280 - 4256. What is the greatest common divisor of i and 1256?
8
Let o(z) = z**3 + 18*z**2 - 14*z - 192. Let b be o(-18). Calculate the highest common factor of b and 5235.
15
Let v be ((-455)/(-39) - 11)*150. Calculate the greatest common factor of 185 and v.
5
Let j(i) = -2*i - 1. Let s be j(-8). Suppose 6*o - s*o = -234. What is the greatest common factor of 26 and o?
26
Let a be (-3)/9*-5*3. Suppose 3*x - 244 = 3*b - 73, -x + 81 = a*b. Calculate the highest common divisor of x and 488.
61
Suppose -271*z + 262*z = 756. Let u be (-2028)/z - (-4)/112*-4. What is the highest common divisor of 42 and u?
6
Suppose 5*h = -21 - 49. Let w(b) = -2*b - 27. Let a be w(h). Suppose -a = -v - 0. Calculate the greatest common divisor of v an